ivisor of 2615949 and 189?
189
What is the greatest common factor of 8964 and 57159?
27
What is the greatest common factor of 12 and 140472?
12
Calculate the highest common divisor of 289 and 7834501.
289
Calculate the highest common divisor of 113680 and 3360.
560
What is the greatest common divisor of 4309 and 8479?
139
Calculate the greatest common factor of 7104 and 11100.
444
What is the greatest common factor of 18 and 1577784?
6
What is the highest common divisor of 208217 and 2?
1
Calculate the highest common divisor of 6177 and 2610.
87
Calculate the greatest common factor of 266432 and 27968.
1472
What is the greatest common divisor of 342 and 20862?
342
Calculate the greatest common divisor of 19004 and 100.
4
What is the greatest common factor of 1414 and 1806?
14
What is the greatest common factor of 156535 and 15?
5
Calculate the highest common factor of 242 and 894674.
242
What is the highest common factor of 3728 and 16?
16
Calculate the greatest common factor of 2048 and 3520.
64
Calculate the greatest common factor of 279 and 235848.
93
Calculate the highest common divisor of 25586 and 1529.
11
Calculate the highest common factor of 485244 and 72.
36
Calculate the greatest common factor of 4928490 and 14.
14
Calculate the greatest common factor of 18737865 and 45.
45
Calculate the greatest common factor of 2079 and 1485.
297
What is the greatest common factor of 25522 and 28?
14
Calculate the highest common factor of 279260 and 80.
20
Calculate the highest common divisor of 4551 and 18537.
111
Calculate the highest common factor of 6198005 and 55.
55
Calculate the highest common factor of 66789 and 18.
9
What is the greatest common factor of 478 and 803279?
239
What is the highest common divisor of 1760 and 21824?
352
Calculate the highest common divisor of 152 and 247.
19
Calculate the highest common factor of 18996 and 108.
12
What is the greatest common divisor of 133823 and 1467?
163
Calculate the highest common factor of 18 and 541953.
9
Calculate the highest common factor of 156 and 598.
26
What is the greatest common factor of 15232 and 5950?
238
What is the highest common divisor of 17 and 102544?
17
Calculate the highest common divisor of 1002444 and 24.
12
What is the highest common divisor of 8 and 3366080?
8
What is the highest common factor of 697 and 7339?
41
What is the greatest common divisor of 341 and 2790?
31
What is the greatest common factor of 2934 and 2034?
18
What is the highest common divisor of 180 and 24048?
36
Calculate the greatest common divisor of 30953 and 975.
13
What is the greatest common factor of 493 and 232339?
17
Calculate the greatest common divisor of 889 and 8128.
127
Calculate the greatest common divisor of 54490 and 30.
10
Calculate the greatest common factor of 140 and 1473535.
35
Calculate the highest common divisor of 240 and 327270.
30
Calculate the highest common factor of 144 and 35253.
9
Calculate the highest common divisor of 882024 and 936.
312
What is the greatest common factor of 191 and 2315875?
191
Calculate the greatest common divisor of 1200 and 3120.
240
Calculate the highest common divisor of 1303258 and 132.
22
What is the greatest common factor of 902838 and 6?
6
Calculate the highest common divisor of 17 and 8.
1
What is the highest common divisor of 175 and 1955975?
175
What is the highest common divisor of 6006 and 2626?
26
Calculate the highest common divisor of 24808 and 956.
4
Calculate the highest common factor of 84 and 1022.
14
What is the highest common factor of 314360 and 50?
10
What is the greatest common divisor of 959 and 10001?
137
What is the greatest common divisor of 1000200 and 10?
10
What is the highest common factor of 279 and 2601?
9
Calculate the highest common divisor of 22894696 and 209.
209
What is the highest common factor of 951302 and 363?
121
What is the highest common divisor of 145 and 4955?
5
Calculate the highest common factor of 29962 and 633.
211
What is the highest common factor of 795 and 1065?
15
Calculate the highest common factor of 40 and 4585.
5
What is the greatest common divisor of 245 and 7180?
5
Calculate the greatest common factor of 27 and 687663.
27
Calculate the greatest common factor of 228087 and 27.
9
What is the highest common divisor of 112360 and 120?
40
Calculate the greatest common divisor of 77824 and 171.
19
What is the greatest common factor of 1987510 and 140?
70
What is the highest common factor of 12215 and 4746749?
2443
What is the highest common factor of 46 and 239062?
46
What is the highest common divisor of 7654 and 801?
89
Calculate the highest common divisor of 800 and 4975.
25
Calculate the highest common factor of 24 and 87016.
8
What is the greatest common divisor of 65161 and 51?
17
What is the greatest common factor of 34890 and 20?
10
What is the highest common factor of 59572 and 1696?
212
Calculate the greatest common divisor of 449359 and 284.
71
What is the greatest common factor of 117 and 954200?
13
What is the greatest common divisor of 47769 and 3?
3
Calculate the greatest common divisor of 889434 and 13.
13
What is the highest common factor of 1183605 and 285?
285
What is the greatest common factor of 29 and 3799?
29
Calculate the highest common divisor of 10600 and 28832.
424
What is the greatest common divisor of 61664 and 1880?
376
Calculate the greatest common divisor of 47 and 587077.
47
What is the highest common divisor of 11316 and 2369?
23
Calculate the greatest common divisor of 111 and 26307.
111
Calculate the greatest common factor of 8 and 29368.
8
Calculate the greatest common divisor of 38144 and 8046.
298
Calculate the highest common factor of 2420 and 21340.
220
What is the highest common divisor of 20332 and 506?
46
What is the highest common factor of 138012 and 465?
93
Calculate the greatest common divisor of 6 and 1723470.
6
What is the greatest common divisor of 2142 and 1666?
238
Calculate the highest common factor of 184 and 1295498.
46
What is the highest common divisor of 86890 and 20?
10
What is the highest common factor of 150 and 78045?
15
Calculate the greatest common factor of 434673 and 4131.
459
What is the greatest common factor of 56 and 24577?
7
What is the highest common factor of 4842 and 162?
18
Calculate the highest common factor of 205 and 846855.
205
What is the greatest common factor of 136242 and 232?
58
Calculate the greatest common factor of 435 and 52275.
15
Calculate the greatest common factor of 1563 and 7034021.
521
Calculate the greatest common divisor of 17822 and 114.
38
Calculate the highest common factor of 119100 and 45.
15
Calculate the highest common divisor of 300 and 1356.
12
Calculate the highest common factor of 90 and 1785870.
90
Calculate the highest common divisor of 5481 and 1134.
189
Calculate the highest common divisor of 90 and 26118.
18
What is the highest common factor of 12 and 2820156?
12
Calculate the highest common divisor of 900 and 3720.
60
What is the greatest common factor of 202329 and 9?
9
Calculate the greatest common divisor of 74 and 43697.
37
What is the highest common factor of 26691 and 403?
31
Calculate the highest common factor of 41174 and 2006.
34
Calculate the greatest common factor of 24150 and 294.
42
What is the highest common divisor of 1072437 and 1353?
123
Calculate the greatest common divisor of 520 and 85930.
130
Calculate the greatest common factor of 120 and 6760.
40
Calculate the greatest common factor of 2433 and 483.
3
Calculate the highest common divisor of 14 and 249984.
14
Calculate the greatest common factor of 840 and 18536.
56
Calculate the highest common factor of 20352 and 10.
2
What is the highest common divisor of 841347 and 51?
51
Calculate the highest common factor of 6 and 217914.
6
What is the greatest common factor of 2970033 and 33?
33
What is the greatest common divisor of 35955 and 1360?
85
What is the greatest common factor of 8795575 and 475?
475
What is the highest common factor of 43431 and 279?
93
What is the highest common factor of 675 and 160?
5
Calculate the greatest common divisor of 1300814 and 2.
2
What is the highest common divisor of 968 and 656?
8
What is the greatest common divisor of 283210 and 635?
635
Calculate the greatest common fa